{"id":3,"date":"2022-12-02T16:04:33","date_gmt":"2022-12-02T16:04:33","guid":{"rendered":"http:\/\/www.kyronmaanpowerclub.fi\/?page_id=3"},"modified":"2022-12-12T11:00:12","modified_gmt":"2022-12-12T11:00:12","slug":"privacy-policy","status":"publish","type":"page","link":"https:\/\/www.kyronmaanpowerclub.fi\/?page_id=3","title":{"rendered":"Tietosuojaseloste"},"content":{"rendered":"\n<h2 class=\"wp-block-heading\">1. Rekisterin pit\u00e4j\u00e4n yhteystiedot<\/h2>\n\n\n\n<p>Kyr\u00f6nmaan Power Club RY<\/p>\n\n\n\n<p>Marttilantie 12 a 5<\/p>\n\n\n\n<p>61500 Isokyr\u00f6<\/p>\n\n\n\n<p>Y-tunnus 0968645-9<\/p>\n\n\n\n<p><a href=\"mailto:kyronmaanpowerclub@gmail.com\">kyronmaanpowerclub@gmail.com<\/a><\/p>\n\n\n\n<h2 class=\"wp-block-heading\">2. Mit\u00e4 henkil\u00f6tietoja ker\u00e4\u00e4mme<\/h2>\n\n\n\n<p>Ker\u00e4\u00e4mme henkil\u00f6lt\u00e4<\/p>\n\n\n\n<ol class=\"wp-block-list\">\n<li><strong>Tunnistetiedot<\/strong>: Nimi<\/li>\n\n\n\n<li><strong>Yhteystiedot: <\/strong>S\u00e4hk\u00f6postiosoite<\/li>\n\n\n\n<li>Tietoja opiskelusta, ty\u00f6ss\u00e4 k\u00e4ymisest\u00e4, ty\u00f6tt\u00f6myydest\u00e4 tai el\u00e4kkeell\u00e4 olemisesta<\/li>\n\n\n\n<li><strong>Maksutiedot: <\/strong>Kuntosalij\u00e4senyyden ostop\u00e4iv\u00e4m\u00e4\u00e4r\u00e4<\/li>\n<\/ol>\n\n\n\n<p>Kaikki ker\u00e4tt\u00e4v\u00e4t tiedot eiv\u00e4t ole pakollisia, mutta olennaisia j\u00e4senyyden kannalta. <\/p>\n\n\n\n<h2 class=\"wp-block-heading\">3. Henkil\u00f6tietojen k\u00e4ytt\u00f6tarkoitus <\/h2>\n\n\n\n<p>Henkil\u00f6tietoja k\u00e4ytt\u00f6tarkoituksena on j\u00e4senyyden yll\u00e4pit\u00e4minen ja kulkukoodin aktivoiminen Zilartitan j\u00e4rjestelm\u00e4ss\u00e4. Zilartitaniin kirjataan henkil\u00f6n nimi. Henkil\u00f6tietoja ei k\u00e4ytet\u00e4 muuhun tarkoitukseen. <\/p>\n\n\n\n<h2 class=\"wp-block-heading\">4. Miten s\u00e4ilyt\u00e4mme henkil\u00f6tietojasi<\/h2>\n\n\n\n<p>Kaikki henkil\u00f6tietojen k\u00e4sittely suoritetaan linjassa ajankohtaisten tietosuojam\u00e4\u00e4r\u00e4ysten sek\u00e4 Euroopan Unionin (EU) suositusten kanssa.<\/p>\n\n\n\n<p>Henkil\u00f6tietosi s\u00e4ilyv\u00e4t Zilartitan -tietokannassa niin kauan kunnes pyyd\u00e4t niiden poistoa. S\u00e4ilyt\u00e4mme tunnistetietosi j\u00e4rjestelm\u00e4ss\u00e4 siksi, ett\u00e4 voimme aktivoida kulkukoodisi nopeasti uudelleen.<\/p>\n\n\n\n<h2 class=\"wp-block-heading\">5. Miksi s\u00e4ilyt\u00e4mme ja k\u00e4sittelemme henkil\u00f6tietojasi<\/h2>\n\n\n\n<p>Henkil\u00f6tietojen k\u00e4sittely on puoleltamme sallittua vain mik\u00e4li se on tarpeen rekisterinpit\u00e4j\u00e4n\u00e4 oikeutettujen etujen toteuttamisen kannalta. <\/p>\n\n\n\n<p>Henkil\u00f6tietojasi, kuten nime\u00e4 ja s\u00e4hk\u00f6postiosoitetta, s\u00e4ilytet\u00e4\u00e4n yhdistyksen s\u00e4hk\u00f6postiosoitteessa kyronmaanpowerclub@gmail.com. S\u00e4hk\u00f6postissa ei s\u00e4ilytet\u00e4 arkaluontoista tietoa eik\u00e4 niit\u00e4 ker\u00e4t\u00e4 yhteydenottolomakkeella.<\/p>\n\n\n\n<h2 class=\"wp-block-heading\">6. Oikeutesi<\/h2>\n\n\n\n<p>Lakis\u00e4\u00e4teisesti sinulla on seuraavat oikeudet:<\/p>\n\n\n\n<ul class=\"wp-block-list\">\n<li>Saada tietoa sinusta tallennetuista henkil\u00f6tiedoista<\/li>\n\n\n\n<li>Pyyt\u00e4\u00e4 virheellisten tietojen korjausta tai tietojen poistoa sek\u00e4 rajoittaa tietojen k\u00e4sittely\u00e4<\/li>\n\n\n\n<li>Haastaa mink\u00e4 tahansa etujen tasapainoon perustuvan tietojen k\u00e4sittelyn<\/li>\n\n\n\n<li>Kuulla tiedoista, joita k\u00e4sittelemme suostumuksesi nojalla sek\u00e4 peruuttaa suostumuksesi milloin tahansa<\/li>\n<\/ul>\n\n\n\n<h2 class=\"wp-block-heading\">7. Suostumus<\/h2>\n\n\n\n<p>Suostut henkil\u00f6tietojen tallentamiseen t\u00e4ytt\u00e4m\u00e4ll\u00e4 ja l\u00e4hett\u00e4m\u00e4ll\u00e4 yhteydenottolomakkeen. Lis\u00e4ksi t\u00e4ll\u00f6in suostut tunnistetietojesi lis\u00e4\u00e4misen Zilar Titan -j\u00e4rjestelm\u00e4\u00e4n.<\/p>\n\n\n\n<p>Henkil\u00f6tietojen k\u00e4sittely on puoleltamme sallittua vain mik\u00e4li se on tarpeen rekisterinpit\u00e4j\u00e4n\u00e4 oikeutettujen etujen toteuttamisen kannalta (etujen tasapaino).<\/p>\n\n\n\n<h2 class=\"wp-block-heading\">8. Muuta<\/h2>\n\n\n\n<p>Kyr\u00f6nmaan Power Club RY pid\u00e4tt\u00e4\u00e4 oikeuden muuttaa t\u00e4t\u00e4 k\u00e4yt\u00e4nt\u00f6\u00e4 p\u00e4ivitt\u00e4m\u00e4ll\u00e4 t\u00e4t\u00e4 sivua. <\/p>\n","protected":false},"excerpt":{"rendered":"<p>1. Rekisterin pit\u00e4j\u00e4n yhteystiedot Kyr\u00f6nmaan Power Club RY Marttilantie 12 a 5 61500 Isokyr\u00f6 Y-tunnus 0968645-9 kyronmaanpowerclub@gmail.com 2. Mit\u00e4 henkil\u00f6tietoja ker\u00e4\u00e4mme Ker\u00e4\u00e4mme henkil\u00f6lt\u00e4 Kaikki ker\u00e4tt\u00e4v\u00e4t tiedot eiv\u00e4t ole pakollisia, mutta olennaisia j\u00e4senyyden kannalta. 3. Henkil\u00f6tietojen k\u00e4ytt\u00f6tarkoitus Henkil\u00f6tietoja k\u00e4ytt\u00f6tarkoituksena on j\u00e4senyyden yll\u00e4pit\u00e4minen ja kulkukoodin aktivoiminen Zilartitan j\u00e4rjestelm\u00e4ss\u00e4. Zilartitaniin kirjataan henkil\u00f6n nimi. [&hellip;]<\/p>\n","protected":false},"author":1,"featured_media":0,"parent":0,"menu_order":0,"comment_status":"closed","ping_status":"open","template":"","meta":{"ngg_post_thumbnail":0,"_themeisle_gutenberg_block_has_review":false,"footnotes":""},"class_list":["post-3","page","type-page","status-publish","hentry"],"_links":{"self":[{"href":"https:\/\/www.kyronmaanpowerclub.fi\/index.php?rest_route=\/wp\/v2\/pages\/3","targetHints":{"allow":["GET"]}}],"collection":[{"href":"https:\/\/www.kyronmaanpowerclub.fi\/index.php?rest_route=\/wp\/v2\/pages"}],"about":[{"href":"https:\/\/www.kyronmaanpowerclub.fi\/index.php?rest_route=\/wp\/v2\/types\/page"}],"author":[{"embeddable":true,"href":"https:\/\/www.kyronmaanpowerclub.fi\/index.php?rest_route=\/wp\/v2\/users\/1"}],"replies":[{"embeddable":true,"href":"https:\/\/www.kyronmaanpowerclub.fi\/index.php?rest_route=%2Fwp%2Fv2%2Fcomments&post=3"}],"version-history":[{"count":20,"href":"https:\/\/www.kyronmaanpowerclub.fi\/index.php?rest_route=\/wp\/v2\/pages\/3\/revisions"}],"predecessor-version":[{"id":625,"href":"https:\/\/www.kyronmaanpowerclub.fi\/index.php?rest_route=\/wp\/v2\/pages\/3\/revisions\/625"}],"wp:attachment":[{"href":"https:\/\/www.kyronmaanpowerclub.fi\/index.php?rest_route=%2Fwp%2Fv2%2Fmedia&parent=3"}],"curies":[{"name":"wp","href":"https:\/\/api.w.org\/{rel}","templated":true}]}}